{"id":411,"date":"2024-04-09T17:37:09","date_gmt":"2024-04-09T17:37:09","guid":{"rendered":"https:\/\/festivalniu.cat\/?page_id=411"},"modified":"2025-05-22T20:15:25","modified_gmt":"2025-05-22T20:15:25","slug":"convocatoria","status":"publish","type":"page","link":"https:\/\/www.festivalniu.cat\/index.php\/convocatoria\/","title":{"rendered":"Convocat\u00f2ria"},"content":{"rendered":"\t\t<div data-elementor-type=\"wp-page\" data-elementor-id=\"411\" class=\"elementor elementor-411\">\n\t\t\t\t<div class=\"elementor-element elementor-element-5f1f888 e-flex e-con-boxed e-con e-parent\" data-id=\"5f1f888\" data-element_type=\"container\" data-e-type=\"container\">\n\t\t\t\t\t<div class=\"e-con-inner\">\n\t\t\t\t<div class=\"elementor-element elementor-element-3a14a3d elementor-widget elementor-widget-text-editor\" data-id=\"3a14a3d\" data-element_type=\"widget\" data-e-type=\"widget\" data-widget_type=\"text-editor.default\">\n\t\t\t\t<div class=\"elementor-widget-container\">\n\t\t\t\t\t\t\t\t\t<p><span style=\"text-align: var(--text-align);\">Convocat\u00f2ria Festival Niu 2025 tancada.<\/span><\/p><p><span style=\"text-align: var(--text-align);\">Moltes gr\u00e0cies a tots per la vostra participaci\u00f3!!<\/span><\/p>\t\t\t\t\t\t\t\t<\/div>\n\t\t\t\t<\/div>\n\t\t\t\t\t<\/div>\n\t\t\t\t<\/div>\n\t\t<div class=\"elementor-element elementor-element-321968b e-flex e-con-boxed e-con e-parent\" data-id=\"321968b\" data-element_type=\"container\" data-e-type=\"container\">\n\t\t\t\t\t<div class=\"e-con-inner\">\n\t\t\t\t<div class=\"elementor-element elementor-element-dfadadb elementor-widget elementor-widget-image\" data-id=\"dfadadb\" data-element_type=\"widget\" data-e-type=\"widget\" data-widget_type=\"image.default\">\n\t\t\t\t<div class=\"elementor-widget-container\">\n\t\t\t\t\t\t\t\t\t\t\t\t\t\t\t<img decoding=\"async\" src=\"https:\/\/www.festivalniu.cat\/wp-content\/uploads\/elementor\/thumbs\/2-copia-2-qx3y0km4zyl6yxjsczlsa80bs94er80npgrif0hkw0.jpg\" title=\"convocatoria2025\" alt=\"Convocat\u00f2ria Festival Niu\" loading=\"lazy\" \/>\t\t\t\t\t\t\t\t\t\t\t\t\t\t\t<\/div>\n\t\t\t\t<\/div>\n\t\t\t\t\t<\/div>\n\t\t\t\t<\/div>\n\t\t\t\t<\/div>\n\t\t","protected":false},"excerpt":{"rendered":"<p>Convocat\u00f2ria Festival Niu 2025 tancada. Moltes gr\u00e0cies a tots per la vostra participaci\u00f3!!<\/p>\n","protected":false},"author":1,"featured_media":0,"parent":0,"menu_order":0,"comment_status":"closed","ping_status":"closed","template":"","meta":{"om_disable_all_campaigns":false,"_monsterinsights_skip_tracking":false,"_monsterinsights_sitenote_active":false,"_monsterinsights_sitenote_note":"","_monsterinsights_sitenote_category":0,"_uf_show_specific_survey":0,"_uf_disable_surveys":false,"footnotes":""},"class_list":["post-411","page","type-page","status-publish","hentry"],"aioseo_notices":[],"_links":{"self":[{"href":"https:\/\/www.festivalniu.cat\/index.php\/wp-json\/wp\/v2\/pages\/411","targetHints":{"allow":["GET"]}}],"collection":[{"href":"https:\/\/www.festivalniu.cat\/index.php\/wp-json\/wp\/v2\/pages"}],"about":[{"href":"https:\/\/www.festivalniu.cat\/index.php\/wp-json\/wp\/v2\/types\/page"}],"author":[{"embeddable":true,"href":"https:\/\/www.festivalniu.cat\/index.php\/wp-json\/wp\/v2\/users\/1"}],"replies":[{"embeddable":true,"href":"https:\/\/www.festivalniu.cat\/index.php\/wp-json\/wp\/v2\/comments?post=411"}],"version-history":[{"count":24,"href":"https:\/\/www.festivalniu.cat\/index.php\/wp-json\/wp\/v2\/pages\/411\/revisions"}],"predecessor-version":[{"id":1042,"href":"https:\/\/www.festivalniu.cat\/index.php\/wp-json\/wp\/v2\/pages\/411\/revisions\/1042"}],"wp:attachment":[{"href":"https:\/\/www.festivalniu.cat\/index.php\/wp-json\/wp\/v2\/media?parent=411"}],"curies":[{"name":"wp","href":"https:\/\/api.w.org\/{rel}","templated":true}]}}